Let w(a) = 3*a + 6. Determine w(6).
24
Let k(g) = g**3 - g**2 - g - 1. What is k(-2)?
-11
Let r(i) = -i**2 - 4*i - 1. Calculate r(-4).
-1
Let v(t) = -2*t**2 - 7*t + 2. What is v(-3)?
5
Let q(h) = -h**2 + 8*h - 13. What is q(10)?
-33
Let b(f) = f**2 + f + 1. Give b(-3).
7
Let f(n) = -n**3 + 6*n**2 + 1. Calculate f(6).
1
Let r(v) = -7*v**2 - 174*v + 15. Give r(-25).
-10
Let f(g) = -g**3 + 7*g**2 + 2. Determine f(8).
-62
Let n(w) = -2*w - 12. Calculate n(-11).
10
Let b(i) = 11*i + 14. What is b(2)?
36
Let a(c) = -c**2 + 6*c - 3. Determine a(4).
5
Let f(u) = -3*u**2 - 2*u + 3. Calculate f(2).
-13
Let v(w) = -w**2 - 10*w - 6. Give v(-6).
18
Let t(z) = z**2 - 19*z - 37. Calculate t(21).
5
Let d(k) = -6*k + 6. Give d(4).
-18
Let w(z) = z**3 - 3*z**2 - z - 3. Give w(3).
-6
Let y(h) = -h**3 + h**2 + 5*h + 7. Give y(4).
-21
Let j(p) = -p**3 + 10*p**2 + 12*p - 14. Determine j(11).
-3
Let j(h) = -3*h - 6. What is j(-4)?
6
Let b(v) = -8*v**2 - 2*v - 3. Calculate b(-1).
-9
Let b(d) = d**3 + 2*d - 1. Give b(-3).
-34
Let n(f) = 52*f**3 - 1. What is n(1)?
51
Let k(f) = -3*f + 11. Calculate k(6).
-7
Let z(d) = d**3 + 14*d**2 - 2*d - 19. Determine z(-14).
9
Let q(x) = 6*x**2 - 59*x - 7. What is q(10)?
3
Let u(o) = o**2 - 7*o - 1. What is u(7)?
-1
Let b(h) = 3*h**2 + 27*h + 10. Calculate b(-9).
10
Let c(x) = x**2 - 10*x + 6. Calculate c(6).
-18
Let m(n) = -2*n**2 + 7*n - 5. Calculate m(4).
-9
Let o(h) = 15*h - 95. What is o(6)?
-5
Let d(a) = -a**2 - 2*a - 4. What is d(0)?
-4
Let j(l) = -l**3 - l**2 + 5*l + 10. Determine j(3).
-11
Let b(o) = o**3 + 15*o**2 + o + 43. Give b(-15).
28
Let n(m) = -5*m - 95. What is n(14)?
-165
Let c(v) = -v**2 + 6*v + 9. Give c(6).
9
Let k(o) = 5*o**2 + 5*o - 24. Determine k(-3).
6
Let u(r) = r - 19. What is u(20)?
1
Let o(s) = s**2 + 6*s - 10. Give o(-6).
-10
Let n(w) = w**2 - w + 3. Calculate n(4).
15
Let l(y) = -y**3 - 3*y**2 + 3*y + 3. Give l(-3).
-6
Let t(c) = -46*c - 277. Calculate t(-6).
-1
Let j(g) = -7*g + 8. Give j(-11).
85
Let v(p) = -p**3 - 15*p**2 - 11*p + 51. Calculate v(-14).
9
Let h(c) = -18*c + 1777. What is h(99)?
-5
Let m(v) = v**3 + 19*v**2 + 21*v - 2. What is m(-17)?
219
Let n(o) = -o**3 - 7*o**2 + 8*o - 3. What is n(-8)?
-3
Let c(a) = 9*a - 17. Calculate c(0).
-17
Let p(u) = -u**3 - 32*u**2 + 36*u + 77. Give p(-33).
-22
Let p(w) = -w**3 - w**2 + 3. Determine p(-2).
7
Let m(s) = 2*s + 3. Calculate m(6).
15
Let v(i) = 100*i - 3. Calculate v(0).
-3
Let j(q) = -q**3 + 16*q**2 + 38*q - 40. Calculate j(18).
-4
Let l(t) = t**3 + 6*t**2 + 4*t + 7. What is l(-6)?
-17
Let g(q) = -q**3 + 11*q**2 + 13*q - 8. What is g(12)?
4
Let g(l) = -29*l + 204. Calculate g(7).
1
Let w(d) = -3*d**2 + 23*d - 10. Give w(7).
4
Let l(w) = -14*w + 7. Calculate l(4).
-49
Let r(s) = -2*s**2 - 4*s. What is r(-4)?
-16
Let a(t) = t**3 - 6*t**2 + 4*t + 7. Calculate a(4).
-9
Let h(z) = z**3 - 9*z**2 + 34*z - 215. Give h(8).
-7
Let a(s) = s**2 - 16*s - 19. Give a(15).
-34
Let q(i) = i**2 + i - 33. What is q(6)?
9
Let r(n) = -24*n + 336. What is r(14)?
0
Let i(o) = -31*o - 141. Determine i(-4).
-17
Let b(d) = d**2 - 11*d - 79. Calculate b(15).
-19
Let l(p) = p + 5. What is l(11)?
16
Let t(c) = -c - 9. Determine t(5).
-14
Let w(d) = -d + 4. Calculate w(-6).
10
Let p(h) = h**2 + 13*h. What is p(-13)?
0
Let j(q) = -q**3 + 6*q**2 - 4*q - 9. Give j(5).
-4
Let d(y) = -y**2 + 29*y - 38. What is d(28)?
-10
Let x(n) = 2*n. Give x(-1).
-2
Let n(q) = -q**3 + 10*q**2 - 2*q + 2. Calculate n(10).
-18
Let f(k) = -k**3 + 5*k**2 + k + 3. Determine f(0).
3
Let t(p) = -2*p**2 + 16*p. Give t(8).
0
Let n(o) = -7*o**2 + 125*o + 19. Give n(18).
1
Let o(l) = -3*l**3 + 6*l**2 - 20*l + 13. Determine o(1).
-4
Let k(i) = -i**2 + 9*i - 6. What is k(7)?
8
Let k(u) = -u**2 - u + 5. Determine k(-4).
-7
Let t(m) = m**2 + m - 16. Determine t(-4).
-4
Let q(h) = -h + 22. Give q(0).
22
Let a(i) = i - 8. What is a(4)?
-4
Let o(k) = k**3 + 24*k**2 - 29*k - 132. What is o(-25)?
-32
Let f(i) = 8*i - 25. Give f(4).
7
Let u(i) = i**3 + 5*i**2 - 7*i - 2. What is u(-5)?
33
Let b(y) = -y**3 - 5*y**2 + 10*y + 31. What is b(-6)?
7
Let n(k) = k**2 + 2*k - 2. Calculate n(1).
1
Let b(j) = j**2 - 6*j - 17. What is b(8)?
-1
Let p(b) = -b**2 - 4*b - 1. What is p(-2)?
3
Let l(d) = 6*d - 13. Give l(3).
5
Let y(s) = 4*s - 22. Determine y(7).
6
Let p(j) = -5*j + 6. Determine p(-6).
36
Let w(k) = -k**3 + 8*k**2 - k - 4. Determine w(8).
-12
Let y(z) = 14*z - 61. Calculate y(4).
-5
Let p(t) = -t**3 - 10*t**2 - 8*t + 8. Give p(-9).
-1
Let u(c) = c**3 - c**2 - c + 1. Calculate u(-3).
-32
Let s(i) = -i. Determine s(-1).
1
Let o(w) = w**3 + 4*w**2 - 6*w - 18. Calculate o(-3).
9
Let r(x) = 2*x**3 - 10*x**2 + 12*x - 8. Give r(4).
8
Let r(c) = c**2 - 5*c - 12. What is r(3)?
-18
Let k(x) = -x**2 + 5*x - 10. Calculate k(2).
-4
Let d(x) = -2*x + 1. Give d(-4).
9
Let k(m) = m**3 - 10*m**2 + 23*m - 7. Give k(3).
-1
Let n(l) = l**3 + 5*l**2 + 4*l - 2. What is n(-3)?
4
Let n(y) = 2*y + 17. Give n(-5).
7
Let c(n) = 28*n + 3. Determine c(1).
31
Let i(h) = -h**2 + 23*h - 74. What is i(19)?
2
Let d(j) = -j**2 - 13*j - 3. Calculate d(-13).
-3
Let b(l) = -3*l**3 - 9*l**2 + l - 11. Calculate b(-4).
33
Let m(s) = -2*s**2 - 13*s + 97. Calculate m(5).
-18
Let s(o) = -15*o - 232. Determine s(-15).
-7
Let o(d) = 2*d**3 + 37*d**2 - 61*d - 11. Determine o(-20).
9
Let c(a) = -24*a - 4. Calculate c(-2).
44
Let p(l) = -l**2 + 9*l + 27. Give p(11).
5
Let w(d) = -5*d + 7. What is w(6)?
-23
Let p(b) = -b - 10. Give p(16).
-26
Let f(k) = -10*k**2 - k + 3. What is f(-2)?
-35
Let l(i) = i**3 + 16*i**2 - 41*i - 88. Calculate l(-18).
2
Let b(g) = g**2 - 4*g + 11. Calculate b(4).
11
Let y(j) = -j**2 + 32*j - 230. Give y(12).
10
Let v(r) = r**2 - 5*r + 8. Determine v(4).
4
Let s(w) = 7*w**2 + 36*w + 6. What is s(-5)?
1
Let s(w) = 2*w - 87. Give s(50).
13
Let s(m) = m + 14. Determine s(15).
29
Let n(y) = -5*y - 1. Determine n(-1).
4
Let o(g) = 18*g + 113. What is o(-6)?
5
Let v(w) = -5*w**2 - 1. What is v(-1)?
-6
Let k(z) = -5*z - 2. Give k(1).
-7
Let p(t) = 23*t**3 + 2*t**2 - 2*t - 2. Give p(-2).
-174
Let l(q) = q**3 + 4*q**2 + 19. Determine l(-5).
-6
Let m(i) = -i**2 - 9. Give m(0).
-9
Let r(j) = j**3 + j**2 - j + 10. Determine r(0).
10
Let o(a) = -31*a + 347. Give o(11).
6
Let z(p) = -5*p + 4. Calculate z(1).
-1
Let m(q) = -8*q**3 - 3*q**2 - 5*q - 5. What is m(-2)?
57
Let s(q) = -2*q**3 - 16*q**2 + 6*q + 24. Give s(-8).
-24
Let n(a) = a + 8. Give n(-2).
6
Let b(g) = g**3 + 6*g**2 + g - 2. What is b(-6)?
-8
Let l(v) = -2*v**3 - 15*v**2 - v - 7. Give l(-7).
-49
Let g(v) = v**2 - v - 62. Determine g(8).
-6
Let o(t) = -29*t + 60. What is o(2)?
2
Let i(j) = 2*j**2 + 6*j - 54. Give i(-7).
2
Let n(q) = -q + 2. What is n(-6)?
8
Let m(s) = -3*s**2 + 4*s - 3. Determine m(3).
-18
Let s(l) = l**3 - 23*l**2 + 7*l - 18. What is s(23)?
143
Let k(x) = -x**3 - 17*x**2 - x - 13. Give k(-17).
4
Let x(g) = g**2 - 19*g + 31. What is x(17)?
-3
Let h(d) = 16*d**2 - 54*d + 16. What is h(3)?
-2
Let d(f) = f**3 - 7*f**2 - 18*f - 4. Determine d(9).
-4
Let k(x) = -12*x**2 - 57*x + 11. Determine k(-5).
-4
Let f(y) = -y**2 + 2*y + 8. Calculate f(7).
-27
Let l(v) = v**2 + 13*v + 32. Calculate l(-11).
10
Let f(y) = 7*y - 53. Give f(-14).
-151
Let j(c) = -c**3 - 13*c**2 - 11*c + 8. What is j(-12)?
-4
Let b(q) = 6*q**3 + 2*q**2 + 7*q + 6. Calculate b(-1).
-5
Let l(k) = -47*k - 145. Determine l(-4).
43
Let i(c) = -c**2 + 11*c + 36. Calculate i(13).
10
Let f(g) = -9*g - 452. Determine f(-51).
7
Let j(f) = -f**3 + 8*f**2 + 18*f + 9. Calculate j(10).
-11
Let j(x) = 5*x**2 - 19*x + 5. Calculate j(4).
9
Let p(o) = -o**3 + 10*o**2 - 15*o + 1. Calculate p(8).
9
Let m(d) = d**2 - 2*d - 19. Calculate m(0).
-19
Let x(n) = 3*n**2 + 5*n + 5. What is x(-2)?
7
Let r(o) = -5*o - 40. What is r(-11)?
15
Let f(x) = -x**3 - 7*x**2 - 13*x - 11. Give f(-4).
-7
Let h(i) = 30*i - 87. What is h(3)?
3
Let o(z) = -4*z + 23. Determine o(7).
-5
Let n(y) = -y + 5. Calculate n(8).
-3
Let l(b) = -3*b + 10. Determine l(-2).
16
Let q(j) = j**2 - 7*j - 1. Determine q(6).
-7
Let l(k) = -k**2 + 100*k - 388. Calculate l(4).
-4
Let q(n) = 28*n + 2. Give q(-2).
-54
Let k(a) = -a**2 - 18*a - 35. Determine k(-11).
42
Let d(c) = c**3 - 16*c**2 + 13*c + 33. What is d(15)?
3
Let z(v) = 11*v - 96. Give z(9).
3
Let b(o) = 26